{"id":331,"date":"2020-04-17T11:13:25","date_gmt":"2020-04-17T11:13:25","guid":{"rendered":"http:\/\/82.165.99.206\/sodemin?page_id=331"},"modified":"2023-10-19T14:39:35","modified_gmt":"2023-10-19T14:39:35","slug":"sodemin-arid-garden","status":"publish","type":"page","link":"https:\/\/sodemin.com\/ca\/sodemin-arid-garden\/","title":{"rendered":"Arid &#038; Garden"},"content":{"rendered":"<p>Sodemin disposa d&#8217;una gamma de productes decoratius per al jard\u00ed.<\/p>\n<p>Per con\u00e8ixer la nostra gamma de productes, segueixi lliscant o descarregui el nostre cat\u00e0leg.<\/p>\n","protected":false},"excerpt":{"rendered":"<p>Sodemin disposa d&#8217;una gamma de productes decoratius per al jard\u00ed. Per con\u00e8ixer la nostra gamma de productes, segueixi lliscant o descarregui el nostre cat\u00e0leg.<\/p>\n","protected":false},"author":1,"featured_media":502,"parent":0,"menu_order":1,"comment_status":"closed","ping_status":"closed","template":"page-templates\/aridGarden.php","meta":{"footnotes":""},"class_list":["post-331","page","type-page","status-publish","has-post-thumbnail","hentry"],"_links":{"self":[{"href":"https:\/\/sodemin.com\/ca\/wp-json\/wp\/v2\/pages\/331","targetHints":{"allow":["GET"]}}],"collection":[{"href":"https:\/\/sodemin.com\/ca\/wp-json\/wp\/v2\/pages"}],"about":[{"href":"https:\/\/sodemin.com\/ca\/wp-json\/wp\/v2\/types\/page"}],"author":[{"embeddable":true,"href":"https:\/\/sodemin.com\/ca\/wp-json\/wp\/v2\/users\/1"}],"replies":[{"embeddable":true,"href":"https:\/\/sodemin.com\/ca\/wp-json\/wp\/v2\/comments?post=331"}],"version-history":[{"count":2,"href":"https:\/\/sodemin.com\/ca\/wp-json\/wp\/v2\/pages\/331\/revisions"}],"predecessor-version":[{"id":876,"href":"https:\/\/sodemin.com\/ca\/wp-json\/wp\/v2\/pages\/331\/revisions\/876"}],"wp:featuredmedia":[{"embeddable":true,"href":"https:\/\/sodemin.com\/ca\/wp-json\/wp\/v2\/media\/502"}],"wp:attachment":[{"href":"https:\/\/sodemin.com\/ca\/wp-json\/wp\/v2\/media?parent=331"}],"curies":[{"name":"wp","href":"https:\/\/api.w.org\/{rel}","templated":true}]}}

<p>Sodemin disposa d&#8217;una gamma de productes decoratius per al jardí.</p>
<p>Per conèixer la nostra gamma de productes, segueixi lliscant o descarregui el nostre catàleg.</p>

<p>Sodemin disposa d&#8217;una gamma de productes decoratius per al jardí. Per conèixer la nostra gamma de productes, segueixi lliscant o descarregui el nostre catàleg.</p>
